{"id":1503,"date":"2022-04-30T16:44:11","date_gmt":"2022-04-30T16:44:11","guid":{"rendered":"https:\/\/motoguapa.com\/?page_id=1503"},"modified":"2022-11-09T10:36:44","modified_gmt":"2022-11-09T10:36:44","slug":"carteles","status":"publish","type":"page","link":"https:\/\/motoguapa.com\/index.php\/carteles\/","title":{"rendered":"Carteles"},"content":{"rendered":"\n<p>Esta secci\u00f3n re\u00fane unas sesenta im\u00e1genes de carteles, programas de mano, listas de inscritos y documentos similares que ilustran una parte de la historia motociclista espa\u00f1ola. Desde las primitivas carreras de regularidad y velocidad organizadas por el Real Moto Club de Catalunya a inicios del siglo XX, en trazados que discurr\u00edan por carreteras abiertas al tr\u00e1fico (Tarragona, Llevant, Vall\u00e8s, etc), a las primeras disputadas en circuitos urbanos barceloneses (Pedralbes, Montju\u00efc) y zaragozanos (Parque Grande), as\u00ed como diversas ediciones de las 24 Horas de Resistencia de Montju\u00efc que puso en marcha la Penya Motorista Barcelona en 1955.<\/p>\n\n\n\n<p>Menci\u00f3n especial merece la colecci\u00f3n de carteles de la prueba de velocidad que el Moto Club Arag\u00f3n montaba cada a\u00f1o durante las Fiestas del Pilar, y que pronto se convirti\u00f3 en un Gran Premio con proyecci\u00f3n internacional, aunque nunca llegar\u00eda a ser v\u00e1lido para el Campeonato del Mundo. Proceden en su mayor parte del archivo particular del zaragozano Javier Marsell\u00e1, notable fot\u00f3grafo amateur fallecido en 2017 cuya obra gr\u00e1fica puede admirarse en la secci\u00f3n correspondiente de Motoguapa.<\/p>\n\n\n\n<p>Toda esta iconograf\u00eda ilustra la evoluci\u00f3n seguida por el dise\u00f1o gr\u00e1fico a lo largo del tiempo. De la ilustraci\u00f3n m\u00e1s cl\u00e1sica y tradicional, a veces firmada por reconocidos cartelistas de la \u00e9poca, a la incorporaci\u00f3n de la fotograf\u00eda y el empleo de colores s\u00f3lidos. Consideraciones art\u00edsticas al margen, tambi\u00e9n es interesante por la informaci\u00f3n que aporta (denominaci\u00f3n oficial, n\u00famero de edici\u00f3n, fecha, lugar, organizador, puntuabilidad, patrocinadores&#8230;) no siempre disponibles en otras fuentes.<\/p>\n\n\n\n<p><em>Fuentes: archivos Lloren\u00e7 Bota, Manuel Garriga, Miquel Graells, Javier Marsell\u00e1, Tomeu Pascual y otros<\/em><\/p>\n\n\n<style>#kt-layout-id_ad4753-31 > .kt-row-column-wrap{align-content:start;}:where(#kt-layout-id_ad4753-31 > .kt-row-column-wrap) > .wp-block-kadence-column{justify-content:start;}#kt-layout-id_ad4753-31 > .kt-row-column-wrap{column-gap:var(--global-kb-gap-md, 2rem);row-gap:var(--global-kb-gap-md, 2rem);max-width:var( --global-content-width, 1290px );padding-left:var(--global-content-edge-padding);padding-right:var(--global-content-edge-padding);padding-top:var( --global-kb-row-default-top, 25px );padding-bottom:var( --global-kb-row-default-bottom, 25px );padding-top:var(--global-kb-spacing-sm, 1.5rem);padding-bottom:var(--global-kb-spacing-sm, 1.5rem);grid-template-columns:minmax(0, 1fr);}#kt-layout-id_ad4753-31 > .kt-row-layout-overlay{opacity:0.30;}@media all and (max-width: 1024px){#kt-layout-id_ad4753-31 > .kt-row-column-wrap{grid-template-columns:minmax(0, 1fr);}}@media all and (max-width: 767px){#kt-layout-id_ad4753-31 > .kt-row-column-wrap{grid-template-columns:minmax(0, 1fr);}}<\/style>\n<div class=\"wp-block-kadence-rowlayout alignnone\"><div id=\"kt-layout-id_ad4753-31\" class=\"kt-row-layout-inner kt-layout-id_ad4753-31\"><div class=\"kt-row-column-wrap kt-has-1-columns kt-gutter-default kt-v-gutter-default kt-row-valign-top kt-row-layout-equal kt-tab-layout-inherit kt-m-colapse-left-to-right kt-mobile-layout-row kb-theme-content-width\"><style>.kadence-column_e464cf-52 > .kt-inside-inner-col{min-height:0px;border-top-width:0px;border-right-width:0px;border-bottom-width:0px;border-left-width:0px;}.kadence-column_e464cf-52 > .kt-inside-inner-col,.kadence-column_e464cf-52 > .kt-inside-inner-col:before{border-top-left-radius:0px;border-top-right-radius:0px;border-bottom-right-radius:0px;border-bottom-left-radius:0px;}.kadence-column_e464cf-52 > .kt-inside-inner-col{column-gap:var(--global-kb-gap-sm, 1rem);}.kadence-column_e464cf-52 > .kt-inside-inner-col{flex-direction:column;}.kadence-column_e464cf-52 > .kt-inside-inner-col > .aligncenter{width:100%;}.kadence-column_e464cf-52 > .kt-inside-inner-col:before{opacity:0.3;}.kadence-column_e464cf-52{text-align:center;}.kadence-column_e464cf-52{position:relative;}@media all and (max-width: 1024px){.kadence-column_e464cf-52 > .kt-inside-inner-col{flex-direction:column;justify-content:center;}}@media all and (max-width: 767px){.kadence-column_e464cf-52 > .kt-inside-inner-col{flex-direction:column;justify-content:center;}}<\/style>\n<div class=\"wp-block-kadence-column inner-column-1 kadence-column_e464cf-52\"><div class=\"kt-inside-inner-col\"><style>.kb-image_358812-66.kb-image-is-ratio-size, .kb-image_358812-66 .kb-image-is-ratio-size{max-width:495px;width:100%;}.wp-block-kadence-column > .kt-inside-inner-col > .kb-image_358812-66.kb-image-is-ratio-size, .wp-block-kadence-column > .kt-inside-inner-col > .kb-image_358812-66 .kb-image-is-ratio-size{align-self:unset;}.kb-image_358812-66 figure{max-width:495px;}.kb-image_358812-66 .image-is-svg, .kb-image_358812-66 .image-is-svg img{width:100%;}.kb-image_358812-66 .kb-image-has-overlay:after{opacity:0.3;}.kb-image_358812-66 img.kb-img, .kb-image_358812-66 .kb-img img{box-shadow:0px 0px 14px 0px rgba(0, 0, 0, 0.2);filter:drop-shadow(0px 0px 14px rgba(0, 0, 0, 0.2));}<\/style>\n<div class=\"wp-block-kadence-image kb-image_358812-66\"><figure class=\"aligncenter size-full kb-image-is-ratio-size\"><a href=\"https:\/\/motoguapa.com\/index.php\/gallery-album\/carteles\/\" class=\"kb-advanced-image-link\"><div class=\"kb-is-ratio-image kb-image-ratio-port23\"><img fetchpriority=\"high\" decoding=\"async\" width=\"1079\" height=\"1600\" src=\"https:\/\/motoguapa.com\/wp-content\/uploads\/2022\/11\/010-C.-Exposicio-1930-1.jpeg\" alt=\"\" class=\"kb-img wp-image-3954\" srcset=\"\/wp-content\/uploads\/2022\/11\/010-C.-Exposicio-1930-1.jpeg 1079w, \/wp-content\/uploads\/2022\/11\/010-C.-Exposicio-1930-1-202x300.jpeg 202w, \/wp-content\/uploads\/2022\/11\/010-C.-Exposicio-1930-1-691x1024.jpeg 691w, \/wp-content\/uploads\/2022\/11\/010-C.-Exposicio-1930-1-768x1139.jpeg 768w, \/wp-content\/uploads\/2022\/11\/010-C.-Exposicio-1930-1-1036x1536.jpeg 1036w\" sizes=\"(max-width: 1079px) 100vw, 1079px\" \/><\/div><\/a><figcaption><strong>Ver carteles<\/strong><\/figcaption><\/figure><\/div>\n<\/div><\/div>\n<\/div><\/div><\/div>\n\n\n\n<p><\/p>\n","protected":false},"excerpt":{"rendered":"<p>Esta secci\u00f3n re\u00fane unas sesenta im\u00e1genes de carteles, programas de mano, listas de inscritos y documentos similares que ilustran una parte de la historia motociclista espa\u00f1ola. Desde las primitivas carreras de regularidad y velocidad organizadas por el Real Moto Club de Catalunya a inicios del siglo XX, en trazados que discurr\u00edan por carreteras abiertas al&#8230;<\/p>\n","protected":false},"author":1,"featured_media":3954,"parent":0,"menu_order":9,"comment_status":"closed","ping_status":"closed","template":"","meta":{"_coblocks_attr":"","_coblocks_dimensions":"","_coblocks_responsive_height":"","_coblocks_accordion_ie_support":"","_monsterinsights_skip_tracking":false,"_monsterinsights_sitenote_active":false,"_monsterinsights_sitenote_note":"","_monsterinsights_sitenote_category":0,"_kad_post_transparent":"","_kad_post_title":"","_kad_post_layout":"","_kad_post_sidebar_id":"","_kad_post_content_style":"","_kad_post_vertical_padding":"","_kad_post_feature":"","_kad_post_feature_position":"","_kad_post_header":false,"_kad_post_footer":false,"_kad_post_classname":"","footnotes":""},"class_list":["post-1503","page","type-page","status-publish","has-post-thumbnail","hentry"],"_links":{"self":[{"href":"https:\/\/motoguapa.com\/index.php\/wp-json\/wp\/v2\/pages\/1503","targetHints":{"allow":["GET"]}}],"collection":[{"href":"https:\/\/motoguapa.com\/index.php\/wp-json\/wp\/v2\/pages"}],"about":[{"href":"https:\/\/motoguapa.com\/index.php\/wp-json\/wp\/v2\/types\/page"}],"author":[{"embeddable":true,"href":"https:\/\/motoguapa.com\/index.php\/wp-json\/wp\/v2\/users\/1"}],"replies":[{"embeddable":true,"href":"https:\/\/motoguapa.com\/index.php\/wp-json\/wp\/v2\/comments?post=1503"}],"version-history":[{"count":2,"href":"https:\/\/motoguapa.com\/index.php\/wp-json\/wp\/v2\/pages\/1503\/revisions"}],"predecessor-version":[{"id":5606,"href":"https:\/\/motoguapa.com\/index.php\/wp-json\/wp\/v2\/pages\/1503\/revisions\/5606"}],"wp:featuredmedia":[{"embeddable":true,"href":"https:\/\/motoguapa.com\/index.php\/wp-json\/wp\/v2\/media\/3954"}],"wp:attachment":[{"href":"https:\/\/motoguapa.com\/index.php\/wp-json\/wp\/v2\/media?parent=1503"}],"curies":[{"name":"wp","href":"https:\/\/api.w.org\/{rel}","templated":true}]}}