{"id":1501,"date":"2022-04-30T16:43:52","date_gmt":"2022-04-30T16:43:52","guid":{"rendered":"https:\/\/motoguapa.com\/?page_id=1501"},"modified":"2023-05-21T20:15:12","modified_gmt":"2023-05-21T20:15:12","slug":"calendarios","status":"publish","type":"page","link":"https:\/\/motoguapa.com\/index.php\/calendarios\/","title":{"rendered":"Calendarios"},"content":{"rendered":"\n<p>Hasta la universalizaci\u00f3n del mundo digital, el calendario de papel <em>de toda la vida<\/em> hab\u00eda sido algo omnipresente en las paredes de hogares, comercios, oficinas, talleres, aulas, etc. Al llegar las fiestas navide\u00f1as muchas empresas sol\u00edan obsequiar a clientes, proveedores y amigos con su almanaque del a\u00f1o entrante, que se convert\u00eda en una herramienta de propaganda est\u00e1tica y silenciosa a la par que eficaz. Los fabricantes de motos no eran ninguna excepci\u00f3n; la muestra es esta colecci\u00f3n casi completa de los calendarios que edit\u00f3 Bultaco desde 1963 hasta 1978, ilustrados con im\u00e1genes de su gama de modelos y de sus motos de carreras en plena acci\u00f3n.<\/p>\n\n\n\n<p>En homenaje a estas joyas de las artes gr\u00e1ficas catalanas, extinguidas con la desaparici\u00f3n de la marca de Sant Adri\u00e0 de Bes\u00f3s, Albert Boet y Fran\u00e7ois Stauffacher lanzaron a finales de los a\u00f1os 90 un nuevo calendario Bultaco en tirada limitada, estampado con doce fotograf\u00edas -una por mes- de m\u00e1quinas procedentes de diversas colecciones. Se publicaron seis ediciones, de 1997 hasta 2002, cuando sus impulsores consideraron que con los 75 modelos reproducidos\u00a0durante este periodo ya hab\u00edan cubierto una gran parte de la producci\u00f3n de Bultaco.\u00a0<\/p>\n\n\n\n<p>Su ejemplo hab\u00eda cuajado pues en 2003 Ferran Mas y Pere Molina presentaron un calendario Montesa dedicado a las motos de este constructor, que solo se edit\u00f3 ese a\u00f1o al reclamar sus derechos de imagen el titular de los mismos (Montesa-Honda SA). Al margen de alguna otra iniciativa similar, tambi\u00e9n sin continuidad, no hubo m\u00e1s almanaques durante largo tiempo hasta que el Club Bultaco decidi\u00f3 publicar el suyo para 2011 con una selecci\u00f3n de fotos hist\u00f3ricas de las m\u00e1quinas de competici\u00f3n.&nbsp;<\/p>\n\n\n\n<p>Al a\u00f1o siguiente ser\u00eda el aficionado mallorqu\u00edn Tomeu Pascual Forteza quien tomase el testigo&nbsp; de la edici\u00f3n de calendarios -los dos primeros en colaboraci\u00f3n con el fot\u00f3grafo Herbert Schmitt y a partir del tercero ya en solitario-, iniciando una serie formada por ejemplares Bultaco, Ossa y Montesa de su colecci\u00f3n privada que a lo largo de una d\u00e9cada ha ido repartiendo entre sus amistades de forma gratuita. Tras la aparici\u00f3n del almanaque correspondiente a 2023, Tomeu&nbsp; da por concluida esta colecci\u00f3n.<\/p>\n\n\n\n<p><em>Fuentes: archivos Albert Boet, Manuel Garriga, Ferran Mas, Pere Molina, Tomeu Pascual, Herbert Schmitt, Fran\u00e7ois Stauffacher, Club Bultaco y otros<\/em><\/p>\n\n\n\n<div class=\"wp-block-columns is-layout-flex wp-container-core-columns-is-layout-9d6595d7 wp-block-columns-is-layout-flex\">\n<div class=\"wp-block-column is-layout-flow wp-block-column-is-layout-flow\" style=\"flex-basis:50%\"><style>.kb-image_8ddb96-18 .kb-image-has-overlay:after{opacity:0.3;}<\/style>\n<div class=\"wp-block-kadence-image kb-image_8ddb96-18\"><figure class=\"aligncenter size-large\"><a href=\"https:\/\/motoguapa.com\/index.php\/gallery-album\/1963-1978\/\" class=\"kb-advanced-image-link\"><img fetchpriority=\"high\" decoding=\"async\" width=\"717\" height=\"1024\" src=\"https:\/\/motoguapa.com\/wp-content\/uploads\/2022\/11\/00-Calendari-Bultaco-1964-717x1024.jpeg\" alt=\"\" class=\"kb-img wp-image-3415\" srcset=\"\/wp-content\/uploads\/2022\/11\/00-Calendari-Bultaco-1964-717x1024.jpeg 717w, \/wp-content\/uploads\/2022\/11\/00-Calendari-Bultaco-1964-210x300.jpeg 210w, \/wp-content\/uploads\/2022\/11\/00-Calendari-Bultaco-1964-768x1096.jpeg 768w, \/wp-content\/uploads\/2022\/11\/00-Calendari-Bultaco-1964-1076x1536.jpeg 1076w, \/wp-content\/uploads\/2022\/11\/00-Calendari-Bultaco-1964-600x856.jpeg 600w, \/wp-content\/uploads\/2022\/11\/00-Calendari-Bultaco-1964-300x428.jpeg 300w, \/wp-content\/uploads\/2022\/11\/00-Calendari-Bultaco-1964.jpeg 1121w\" sizes=\"(max-width: 717px) 100vw, 717px\" \/><\/a><figcaption><strong>1963-1978<\/strong><\/figcaption><\/figure><\/div>\n<\/div>\n\n\n\n<div class=\"wp-block-column is-layout-flow wp-block-column-is-layout-flow\" style=\"flex-basis:50%\"><style>.kb-image_9817d9-50 .kb-image-has-overlay:after{opacity:0.3;}<\/style>\n<div class=\"wp-block-kadence-image kb-image_9817d9-50\"><figure class=\"aligncenter size-full\"><a href=\"https:\/\/motoguapa.com\/index.php\/gallery-album\/1997-2023\/\" class=\"kb-advanced-image-link\"><img decoding=\"async\" width=\"1000\" height=\"806\" src=\"https:\/\/motoguapa.com\/wp-content\/uploads\/2022\/11\/2014-portada2014.jpeg\" alt=\"\" class=\"kb-img wp-image-3787\" srcset=\"\/wp-content\/uploads\/2022\/11\/2014-portada2014.jpeg 1000w, \/wp-content\/uploads\/2022\/11\/2014-portada2014-300x242.jpeg 300w, \/wp-content\/uploads\/2022\/11\/2014-portada2014-768x619.jpeg 768w, \/wp-content\/uploads\/2022\/11\/2014-portada2014-600x484.jpeg 600w\" sizes=\"(max-width: 1000px) 100vw, 1000px\" \/><\/a><figcaption><strong>1997-2023<\/strong><\/figcaption><\/figure><\/div>\n<\/div>\n<\/div>\n","protected":false},"excerpt":{"rendered":"<p>Hasta la universalizaci\u00f3n del mundo digital, el calendario de papel de toda la vida hab\u00eda sido algo omnipresente en las paredes de hogares, comercios, oficinas, talleres, aulas, etc. Al llegar las fiestas navide\u00f1as muchas empresas sol\u00edan obsequiar a clientes, proveedores y amigos con su almanaque del a\u00f1o entrante, que se convert\u00eda en una herramienta de&#8230;<\/p>\n","protected":false},"author":1,"featured_media":3415,"parent":0,"menu_order":8,"comment_status":"closed","ping_status":"closed","template":"","meta":{"_coblocks_attr":"","_coblocks_dimensions":"","_coblocks_responsive_height":"","_coblocks_accordion_ie_support":"","_monsterinsights_skip_tracking":false,"_monsterinsights_sitenote_active":false,"_monsterinsights_sitenote_note":"","_monsterinsights_sitenote_category":0,"_kad_post_transparent":"","_kad_post_title":"","_kad_post_layout":"","_kad_post_sidebar_id":"","_kad_post_content_style":"","_kad_post_vertical_padding":"","_kad_post_feature":"","_kad_post_feature_position":"","_kad_post_header":false,"_kad_post_footer":false,"_kad_post_classname":"","footnotes":""},"class_list":["post-1501","page","type-page","status-publish","has-post-thumbnail","hentry"],"_links":{"self":[{"href":"https:\/\/motoguapa.com\/index.php\/wp-json\/wp\/v2\/pages\/1501","targetHints":{"allow":["GET"]}}],"collection":[{"href":"https:\/\/motoguapa.com\/index.php\/wp-json\/wp\/v2\/pages"}],"about":[{"href":"https:\/\/motoguapa.com\/index.php\/wp-json\/wp\/v2\/types\/page"}],"author":[{"embeddable":true,"href":"https:\/\/motoguapa.com\/index.php\/wp-json\/wp\/v2\/users\/1"}],"replies":[{"embeddable":true,"href":"https:\/\/motoguapa.com\/index.php\/wp-json\/wp\/v2\/comments?post=1501"}],"version-history":[{"count":2,"href":"https:\/\/motoguapa.com\/index.php\/wp-json\/wp\/v2\/pages\/1501\/revisions"}],"predecessor-version":[{"id":5470,"href":"https:\/\/motoguapa.com\/index.php\/wp-json\/wp\/v2\/pages\/1501\/revisions\/5470"}],"wp:featuredmedia":[{"embeddable":true,"href":"https:\/\/motoguapa.com\/index.php\/wp-json\/wp\/v2\/media\/3415"}],"wp:attachment":[{"href":"https:\/\/motoguapa.com\/index.php\/wp-json\/wp\/v2\/media?parent=1501"}],"curies":[{"name":"wp","href":"https:\/\/api.w.org\/{rel}","templated":true}]}}

<p>Hasta la universalización del mundo digital, el calendario de papel <em>de toda la vida</em> había sido algo omnipresente en las paredes de hogares, comercios, oficinas, talleres, aulas, etc. Al llegar las fiestas navideñas muchas empresas solían obsequiar a clientes, proveedores y amigos con su almanaque del año entrante, que se convertía en una herramienta de propaganda estática y silenciosa a la par que eficaz. Los fabricantes de motos no eran ninguna excepción; la muestra es esta colección casi completa de los calendarios que editó Bultaco desde 1963 hasta 1978, ilustrados con imágenes de su gama de modelos y de sus motos de carreras en plena acción.</p>



<p>En homenaje a estas joyas de las artes gráficas catalanas, extinguidas con la desaparición de la marca de Sant Adrià de Besós, Albert Boet y François Stauffacher lanzaron a finales de los años 90 un nuevo calendario Bultaco en tirada limitada, estampado con doce fotografías -una por mes- de máquinas procedentes de diversas colecciones. Se publicaron seis ediciones, de 1997 hasta 2002, cuando sus impulsores consideraron que con los 75 modelos reproducidos durante este periodo ya habían cubierto una gran parte de la producción de Bultaco. </p>



<p>Su ejemplo había cuajado pues en 2003 Ferran Mas y Pere Molina presentaron un calendario Montesa dedicado a las motos de este constructor, que solo se editó ese año al reclamar sus derechos de imagen el titular de los mismos (Montesa-Honda SA). Al margen de alguna otra iniciativa similar, también sin continuidad, no hubo más almanaques durante largo tiempo hasta que el Club Bultaco decidió publicar el suyo para 2011 con una selección de fotos históricas de las máquinas de competición.&nbsp;</p>



<p>Al año siguiente sería el aficionado mallorquín Tomeu Pascual Forteza quien tomase el testigo&nbsp; de la edición de calendarios -los dos primeros en colaboración con el fotógrafo Herbert Schmitt y a partir del tercero ya en solitario-, iniciando una serie formada por ejemplares Bultaco, Ossa y Montesa de su colección privada que a lo largo de una década ha ido repartiendo entre sus amistades de forma gratuita. Tras la aparición del almanaque correspondiente a 2023, Tomeu&nbsp; da por concluida esta colección.</p>



<p><em>Fuentes: archivos Albert Boet, Manuel Garriga, Ferran Mas, Pere Molina, Tomeu Pascual, Herbert Schmitt, François Stauffacher, Club Bultaco y otros</em></p>



<div class="wp-block-columns is-layout-flex wp-container-core-columns-is-layout-9d6595d7 wp-block-columns-is-layout-flex">
<div class="wp-block-column is-layout-flow wp-block-column-is-layout-flow" style="flex-basis:50%"><style>.kb-image_8ddb96-18 .kb-image-has-overlay:after{opacity:0.3;}</style>
<div class="wp-block-kadence-image kb-image_8ddb96-18"><figure class="aligncenter size-large"><a href="https://motoguapa.com/index.php/gallery-album/1963-1978/" class="kb-advanced-image-link"><img fetchpriority="high" decoding="async" width="717" height="1024" src="https://motoguapa.com/wp-content/uploads/2022/11/00-Calendari-Bultaco-1964-717x1024.jpeg" alt="" class="kb-img wp-image-3415" srcset="/wp-content/uploads/2022/11/00-Calendari-Bultaco-1964-717x1024.jpeg 717w, /wp-content/uploads/2022/11/00-Calendari-Bultaco-1964-210x300.jpeg 210w, /wp-content/uploads/2022/11/00-Calendari-Bultaco-1964-768x1096.jpeg 768w, /wp-content/uploads/2022/11/00-Calendari-Bultaco-1964-1076x1536.jpeg 1076w, /wp-content/uploads/2022/11/00-Calendari-Bultaco-1964-600x856.jpeg 600w, /wp-content/uploads/2022/11/00-Calendari-Bultaco-1964-300x428.jpeg 300w, /wp-content/uploads/2022/11/00-Calendari-Bultaco-1964.jpeg 1121w" sizes="(max-width: 717px) 100vw, 717px" /></a><figcaption><strong>1963-1978</strong></figcaption></figure></div>
</div>



<div class="wp-block-column is-layout-flow wp-block-column-is-layout-flow" style="flex-basis:50%"><style>.kb-image_9817d9-50 .kb-image-has-overlay:after{opacity:0.3;}</style>
<div class="wp-block-kadence-image kb-image_9817d9-50"><figure class="aligncenter size-full"><a href="https://motoguapa.com/index.php/gallery-album/1997-2023/" class="kb-advanced-image-link"><img decoding="async" width="1000" height="806" src="https://motoguapa.com/wp-content/uploads/2022/11/2014-portada2014.jpeg" alt="" class="kb-img wp-image-3787" srcset="/wp-content/uploads/2022/11/2014-portada2014.jpeg 1000w, /wp-content/uploads/2022/11/2014-portada2014-300x242.jpeg 300w, /wp-content/uploads/2022/11/2014-portada2014-768x619.jpeg 768w, /wp-content/uploads/2022/11/2014-portada2014-600x484.jpeg 600w" sizes="(max-width: 1000px) 100vw, 1000px" /></a><figcaption><strong>1997-2023</strong></figcaption></figure></div>
</div>
</div>

<p>Hasta la universalización del mundo digital, el calendario de papel de toda la vida había sido algo omnipresente en las paredes de hogares, comercios, oficinas, talleres, aulas, etc. Al llegar las fiestas navideñas muchas empresas solían obsequiar a clientes, proveedores y amigos con su almanaque del año entrante, que se convertía en una herramienta de&#8230;</p>
